t common factor of 8 and i?
8
Let d be 4/8 - 223/(-2). Suppose 3*f + f = d. Suppose -84*z = -79*z - 420. What is the highest common factor of z and f?
28
Let b be (-6*9)/((-10)/40). What is the greatest common factor of b and 162?
54
Let n(b) = b**2 + 10*b - 20. Let t be n(-12). Suppose -2*l + t*r + 114 = 0, -3*l + r = 2*r - 164. Calculate the highest common divisor of l and 5.
5
Let z(b) = -2*b**3 - 6. Let q be z(-3). What is the greatest common factor of 36 and q?
12
Suppose 7*x - 170 = 530. Calculate the highest common factor of x and 460.
20
Let q = 23 + -8. Let l = q + -12. Suppose 2*b = -l*v + 29, -5*b = -2*b - v - 49. Calculate the highest common factor of 128 and b.
16
Let v(b) = -8*b**3 - 5*b**2 - 3*b + 4. Let x be v(-3). Suppose -9*c + 4*c = -115. What is the greatest common factor of c and x?
23
Let s be (0 + -94)*(-7)/((-84)/(-150)). Calculate the greatest common factor of s and 47.
47
Suppose -y + 23 = 3*y + 3*j, -3*y + 3*j - 9 = 0. What is the highest common factor of y and 158?
2
Let c(q) = -47*q - 312. Let b be c(-8). Calculate the highest common divisor of b and 176.
16
Suppose -8*f = -54 + 14. Let s(q) = 8*q + 1. Let a be s(3). Calculate the highest common divisor of f and a.
5
Let r(i) = 8*i**2 - 21*i - 57. Let v be r(10). What is the greatest common factor of v and 26?
13
Suppose -3*c - 11 = -95. Suppose 8*d - 11*d = -6. Suppose -d*z - 11 + 25 = 0. What is the greatest common divisor of z and c?
7
Suppose -3*j = -4*a - 2*j + 499, 2*a = 5*j + 227. Calculate the highest common factor of 72 and a.
18
Let f = 30 - 30. Suppose f = -10*p + 6*p + 608. What is the greatest common factor of p and 19?
19
Let u = -29 - -63. Suppose -153 = -7*r + 4*r. What is the highest common divisor of r and u?
17
Let w be (156/16)/(9/12). Let f = 44 + -18. What is the greatest common factor of f and w?
13
Let x = -3 - -17. Suppose 5*i = -20, -3*q - i + 310 = i. Suppose -4*o - l + 114 = 0, 5*o - 3*l = o + q. What is the greatest common factor of o and x?
14
Suppose 0 = -10*x - 0*x + 30. Calculate the highest common divisor of x and 3.
3
Suppose -3*p + 3*y = -21, y + 0 = -p - 3. Let c be 3/3*8 + p. Let z = -449 - -479. Calculate the highest common factor of c and z.
10
Let x = 6 - 4. Suppose -x*m = m - 5*t - 25, -2*m = 5*t. Suppose 5*q = 5*l + 2*q - 1, q + m = 4*l. Calculate the highest common divisor of 3 and l.
1
Suppose 2 = -3*u + 83. Let v = u - 33. Let d(l) = l**2 - 2*l + 8. Let b be d(v). What is the greatest common factor of 14 and b?
14
Let l(a) = 14*a - 70. Let m be l(6). What is the highest common factor of m and 14?
14
Let g(p) = p**2 + 2*p. Let m = 11 - 3. Let q = m - 14. Let b be g(q). What is the greatest common factor of 6 and b?
6
Suppose 0 = -6*x + 247 - 103. What is the highest common divisor of 246 and x?
6
Let s be 14 - (-2)/(-1 - 1). Let o = -905 - -944. What is the highest common factor of o and s?
13
Let y be -4 + 116 - 0 - -3. Calculate the greatest common divisor of 23 and y.
23
Let j(d) = -d**2 + 11*d + 30. Let o be j(16). Let x = 60 + o. Let m = 2 + 88. What is the greatest common divisor of x and m?
10
Let f be (16/(-20))/(40/(-300)). Calculate the greatest common factor of f and 6.
6
Let q(l) = l**2 - 19*l + 12. Suppose -8 + 7 = -y. Let g be y/3*(58 - 1). Let m be q(g). Calculate the highest common divisor of m and 12.
12
Let l = -1 + 1. Let f be (4 + l)/(4/(-10)). Let t be (5/f)/((-1)/2). Calculate the greatest common divisor of 1 and t.
1
Let o(s) = 3*s + 38. Let c be o(-7). Suppose 19*v = c*v + 288. Calculate the greatest common divisor of 16 and v.
16
Let r = 1339 + -1218. What is the greatest common factor of 33 and r?
11
Let t be (0/2)/(-6) + 1. Let g be (-34)/(-136) - t/((-4)/199). What is the greatest common factor of 75 and g?
25
Let t be (0 - 2)*(-4 - -1). Let b be ((-20)/(-5)*(-14)/8)/1. Let l be (-1*42)/(b + 6). What is the highest common divisor of t and l?
6
Let p = -456 - -496. Calculate the greatest common factor of p and 35.
5
Let j(x) = -x**2 + 11*x - 21. Let n be 3 - (-5 - (-4 - 0)). Let u be j(n). What is the greatest common factor of u and 56?
7
Let w = 27 + -16. Let k = 107 + -102. Suppose -4*p = k*r - p - 391, 2*r + 2*p - 158 = 0. Calculate the greatest common factor of w and r.
11
Let c(t) = 15*t - 3. Let i be c(5). Suppose -52 = 3*f - g, 0 = 4*f - 3*f + 4*g. Let y be (-6)/8 - 140/f. Calculate the highest common factor of i and y.
8
Let t = -213 + 317. Calculate the greatest common divisor of t and 130.
26
Let o = -62 + 172. Let c = -86 + o. What is the greatest common divisor of 144 and c?
24
Suppose p - k = -3*k + 155, 0 = -2*p - k + 298. Let m = p - 114. What is the highest common divisor of m and 22?
11
Suppose -9*l + 66 + 96 = 0. What is the highest common divisor of 234 and l?
18
Let w be 33/462 + 1286/28 + -2. What is the highest common divisor of 44 and w?
44
Let a = -216 + 256. Calculate the highest common divisor of 50 and a.
10
Let m = -459 + 543. Calculate the greatest common divisor of m and 84.
84
Let g = 882 + -226. What is the highest common divisor of g and 16?
16
Suppose 2*u = 4*u - 50. Suppose d - 131 = x, -5*x - 29 + 374 = 3*d. Calculate the greatest common divisor of d and u.
25
Let s(m) = m + 1. Let c be s(6). Let f be (-5)/2*12/10. Let a be (4/f)/((-4)/42). What is the highest common divisor of c and a?
7
Let m(b) = 4*b + 5. Let l be m(-4). Let k be (-2 - (-31 + 1)) + (-10 - l). Calculate the highest common divisor of k and 319.
29
Suppose 20 = 5*g - 0*g, 2*v - 38 = 4*g. Suppose 0 = -h + v - 1. Let k = 35 - h. Calculate the highest common divisor of 99 and k.
9
Suppose -3*q - 5*j = -297, 5*j + 6 = 3*j. Let n be 143/52 - (-1)/4*1. Suppose 5*h - 71 = m - n*m, -5*h + m = -62. What is the highest common factor of q and h?
13
Let d(s) = -2*s - 38. Let n(g) = -g - 19. Let f(i) = 2*d(i) - 5*n(i). Let r be f(-6). Calculate the greatest common factor of r and 91.
13
Let z(i) = -i**3 - 18*i**2 + 23*i - 19. Let w be z(-22). What is the greatest common divisor of w and 17?
17
Suppose 4*i - 195 - 1 = 0. Calculate the highest common factor of i and 56.
7
Let m = 35 + -32. Suppose m*y - 51 = -2*u + 7*u, 0 = 2*y - 3*u - 33. What is the greatest common factor of 132 and y?
12
Suppose 0 = -3*n - 4*a + 220, 5*a + 21 = 11. Calculate the greatest common divisor of 19 and n.
19
Suppose 0 = 6*p + 221 - 1409. What is the greatest common divisor of p and 18?
18
Let j(b) = 4*b - 2. Let i be j(1). Suppose 0 = -i*m + 7 + 1. Calculate the greatest common divisor of m and 2.
2
Suppose 0*x = 2*x. Let j be (-4)/(x + -2)*2. Calculate the highest common factor of 12 and j.
4
Let p = -468 + 313. Let z = -11 - p. Let w = z - 84. Calculate the greatest common factor of 12 and w.
12
Suppose 3*x = 7*x - 160. Suppose -5*l - 4*c + 66 + x = 0, 0 = -5*c + 20. What is the greatest common divisor of l and 45?
9
Let u = -163 + 291. What is the greatest common factor of u and 8?
8
Let d be (0 - -2) + 91 + -85. What is the greatest common factor of 4 and d?
4
Let a = -14 + 14. Suppose 8*h + 2*f = 5*h + 83, 2*h + 5*f - 70 = a. Calculate the highest common factor of h and 15.
5
Suppose 0*s + 6 = 2*s. Let q be (4 - (4 - -1))*-3*1. What is the highest common factor of q and s?
3
Suppose -4*n = -12, -3*q + 4*n = -3 - 18. Calculate the highest common factor of 16 and q.
1
Let k be -3 + 3/(-3 - 0). Let m be -28 + (-1)/(k/12). Let u = m + 45. Calculate the highest common factor of 5 and u.
5
Suppose 2*b = 5*j - 22 - 18, -8 = 2*j + 4*b. Calculate the greatest common factor of 21 and j.
3
Let t be (-2)/14 + 2*87/42. Suppose 0 = 8*g - 6*g - 5*j - 54, -t*g + 60 = 2*j. Calculate the highest common divisor of g and 187.
17
Suppose -3*d + i + 30 = 0, 34 = 3*d + i - 2. Let s be (1*-5)/((-11)/d). Let x be ((-10)/4)/(2/(-12)). Calculate the greatest common divisor of x and s.
5
Let d = -36 - -36. Suppose d = 5*j + 6*c - 5*c - 885, 20 = 4*c. Calculate the highest common factor of j and 16.
16
Suppose 2*v - 41 + 15 = 0. Let m be (-3 - v/(-3))*30. Suppose 9*g - 5*g = m. Calculate the greatest common divisor of g and 4.
2
Let b(p) = p**2 - 4*p + 4. Let z be b(6). Let h = -2437 + 2485. What is the highest common divisor of h and z?
16
Suppose -r - 3*b = 6, 0 = -0*r + 2*r + 5*b + 13. Let g be (r/5)/(6/(-10)). What is the highest common facto